*c**2 - 4*c + 3. Let q be v(1). Let m = q - 109. Let y = m + 207. What is the units digit of y?
5
Let l be (-10)/(-7 - -2) - -2. Suppose 2*z - 665 = 5*g, -z = -l*g - 412 + 78. Suppose -3*x - 3*d = -z, -114 = -x - d + 2*d. What is the hundreds digit of x?
1
Let q(j) = -j**2 - 26*j - 16. Suppose -117 = 2*v - 81. What is the tens digit of q(v)?
2
Let o(s) be the second derivative of 13*s**4/24 - 2*s**3/3 - 8*s**2 - 7*s. Let f(q) be the first derivative of o(q). What is the units digit of f(4)?
8
Suppose 27 + 20806 = 3*w + 4*p, 5*w - 5*p = 34675. What is the hundreds digit of w?
9
Suppose 19695 = 59*b - 46*b. Let i = b - 796. What is the tens digit of i?
1
Suppose -f - 27 = -31. Let x(q) = 6*q**3 + 7*q - 33. What is the hundreds digit of x(f)?
3
What is the hundreds digit of 37704/5 + (-2016)/2520?
5
Suppose 2*h = -2*k + 14358, 15*k = 24*k - 3*h - 64695. What is the tens digit of k?
8
What is the ten thousands digit of 178999488/3632 + -3*1 + 2/(-2)?
4
Suppose a = -3*x + 30, 54 = 3*a - 2*x - 36. Suppose i - 11*i = -a. Suppose 4*y - 161 = -i*s + 6, 4*s + 188 = 4*y. What is the units digit of y?
4
Let d = -12 - -18. Let x be 1*(-3 - -4)*-73. Let h = d - x. What is the tens digit of h?
7
What is the units digit of -2 - -7 - (12 + -10)/(3/(-30021))?
9
Suppose -31*c + 83*c = 92579 + 704217. What is the ten thousands digit of c?
1
Let r(t) = t**3 - 2*t**2 - 18*t + 7. Let p be r(13). Suppose 4*u - 2*j = p, -1183 - 435 = -4*u - 5*j. What is the hundreds digit of u?
4
Suppose 5*g - j = -1343, -68 = -g + j - 339. Let p = g + 555. Let i = p - 111. What is the units digit of i?
6
Let o(i) = -24*i**3 + 5*i**2 + 58*i + 27. What is the thousands digit of o(-10)?
3
Let c = -115176 + 169749. What is the units digit of c?
3
Let m(c) = c. Let n be m(-6). What is the units digit of (-1668)/9*n/4?
8
Suppose -6 = -2*j - 2*o, 2*o = 3*j - 4*j - 2. Suppose 1621 = j*p - 1099. What is the tens digit of p?
4
Let h be (325/(-13))/(3/(-3)). What is the hundreds digit of (-14)/35 - (-6060)/h?
2
Let f(d) = -7478*d - 803. What is the units digit of f(-5)?
7
Suppose v + v = 12. Suppose 5*o - 1725 = 465. Suppose -t + 97 = -3*y, 4*t + 4*y - v*y = o. What is the hundreds digit of t?
1
Let w(o) = 38*o - 252 + 4*o + 332. What is the hundreds digit of w(5)?
2
Let h be 3/(-6)*0 + 22. Suppose -h*p = -21*p - 3. What is the units digit of p?
3
Let v = 2728 - 1908. Let x = v + -538. What is the tens digit of x?
8
Let p = 27865 + -5336. What is the thousands digit of p?
2
Let u be (-12)/54 + (-4)/(-18). Suppose u = 4*l - 12. Suppose -6*q + l*q = -585. What is the hundreds digit of q?
1
Suppose -i + 132 = -37. Suppose 6*k - 5*k = -43. Let w = k + i. What is the hundreds digit of w?
1
Let g = -6 - -19. Suppose -g*f = -8*f + 125. What is the units digit of 12/(-20) + (-5)/(f/58)?
1
Let v = 8230 + 1251. What is the tens digit of v?
8
What is the tens digit of (1 + -2)*(45/(-5) + 17108)*-1?
9
Let j(t) = -t**3 - 6*t**2 - 8*t + 2. Let h be j(-4). Suppose 4 = 3*i - h*c - 0*c, 5*c + 10 = -3*i. Suppose 2*f - 560 + 168 = i. What is the tens digit of f?
9
Suppose d - 7 - 1 = 0. Let x be (d - -3)*(4 - -1). Let h = -32 + x. What is the units digit of h?
3
Let v = -55 - -58. Suppose -3*f = -v*d + 3, 2*d + 13 = -2*f - f. Let p = 30 + f. What is the units digit of p?
7
What is the tens digit of ((-25)/4)/((-27)/10476)?
2
Let y = -109 + 113. Suppose -7*g + 8*g + 5*j - 98 = 0, -y*j = -3*g + 199. Suppose 19*d = 20*d - g. What is the units digit of d?
3
Let b be ((-3)/2)/(3/(-6)). Let q(f) be the first derivative of f**4/2 + f**3/3 + f**2/2 + 7*f + 73. What is the units digit of q(b)?
3
Let h(c) = 2 - 163*c - 89*c - 91*c. Let j be h(-1). Let q = -231 + j. What is the hundreds digit of q?
1
Let j(k) = 14*k - 21. Let u be j(3). What is the hundreds digit of -3*((-7882)/u + -1)?
1
Let r(y) = 2*y - 13. Let h be r(13). Let g = h + 237. What is the hundreds digit of g?
2
Let j(w) = -3*w**3 - 4*w**2 - 2*w + 27. Let n = -236 + 231. What is the tens digit of j(n)?
1
Suppose -13*m = -11*m - j - 29297, -m + 14632 = 5*j. What is the units digit of m?
7
Let c = -8055 + 25496. What is the hundreds digit of c?
4
Suppose 53*h - 20*h - 127 = -556. Let r(a) = -41*a - 122. Let m(s) = -21*s - 61. Let f(w) = -5*m(w) + 3*r(w). What is the hundreds digit of f(h)?
1
Let h(l) = 403*l - 6029. What is the tens digit of h(85)?
2
Suppose 7*c + 4 - 4 = 0. Suppose -13*h + c*h = 0. Suppose 2*o + h - 30 = 0. What is the units digit of o?
5
Let b be (-4)/((-2)/1)*3920/(-32). Let c = -20 - b. Let r = 329 - c. What is the hundreds digit of r?
1
Let v = 9913 - -1823. What is the tens digit of v?
3
Let h(q) = -2*q**3 - 2*q**2 + q. Let c be h(-2). Suppose c*j - 14*j = -2360. What is the hundreds digit of j?
2
Let p = 62 + -55. Suppose -p*t = -5*t - 90. Suppose 5*y - 575 + t = 5*b, -4*b = 0. What is the hundreds digit of y?
1
Let m = -5422 + 5587. What is the hundreds digit of m?
1
Let n(v) be the first derivative of 109*v**2/2 - 57*v + 87. What is the hundreds digit of n(2)?
1
Suppose 5*z = -3*c + 2*z + 16317, z + 21781 = 4*c. What is the thousands digit of c?
5
Let l(u) = 7*u**2 + 43*u - 2. Let p be l(-6). Let b(q) = 10*q**2 + 17*q - 3. What is the hundreds digit of b(p)?
5
What is the units digit of 10907 + (36/2 + -6 - 0 - 6)?
3
Let w(u) be the first derivative of 25/2*u**2 + 17 - 4*u. What is the units digit of w(3)?
1
Suppose 0 = -0*k - 4*k. Let v(t) = t**3 + 8*t**2 - 19*t + 14. Let d be v(-10). Suppose 3*n - 48 = 2*n - 5*p, -d*p + 8 = k. What is the tens digit of n?
3
Suppose 7*a - 9018 + 2375 = 0. Suppose -3*p = -3*r + 612 + 789, p - a = -2*r. Suppose 0*x + 4*x = r. What is the hundreds digit of x?
1
What is the tens digit of (6 + 176/(-24))/(1/3) + 4050?
4
Suppose 36*a + 19*a + 48232 - 164282 = 0. What is the thousands digit of a?
2
Let t = 66 + -64. Suppose 15*q = 14*q + t. What is the hundreds digit of q/(-6) + 6409/39?
1
Suppose 7*v + 10 = 3*z + 3*v, -v = -z + 2. Let p be ((-60)/(-5) - 3) + z. What is the tens digit of (-70)/4*(p + -2)*-2?
7
Let k(o) = o**3 - 11*o**2 - 2. Let f be k(11). Let s = -629 - -1078. What is the units digit of (3 - s/(-4)) + f/8?
5
Suppose 26*w + 31*w - 29*w - 973812 = 0. What is the units digit of w?
9
Suppose 2*p + z - 210 = 0, 5*z - 122 = -p - 8. Suppose 0 = -99*l + p*l - 530. What is the hundreds digit of l?
1
Let r(j) = -j**3 + 23*j**2 + 25*j + 18. What is the hundreds digit of r(-22)?
2
Let d = -211 + 818. Let n = d + -347. What is the tens digit of n?
6
Suppose 14*x - 8*x = -4002. Let k = x - -1535. What is the tens digit of k?
6
Let r be 7*1 + (8 - -1). Suppose 10*b + r*b = 19734. What is the units digit of b?
9
Suppose -4*g = -20, 342*g - 17854 = -4*f + 340*g. What is the thousands digit of f?
4
Let f(h) = 10*h - 36*h - 13*h - 5 - 18*h. What is the tens digit of f(-1)?
5
Let t = -490 + 534. Let v = 807 + t. What is the tens digit of v?
5
Let a = -50506 - -73218. What is the tens digit of a?
1
Let h = -111 - -66. Let n be ((-24)/(-5))/((-18)/h). What is the tens digit of n + -12 + 5/2*34?
8
Suppose -2*l = 3*s, 2*l - 2*s - 3 = 7. Let y be (l/(-12) - 193/(-4)) + 2. What is the tens digit of (y/4 + -1)*6?
6
Suppose 0*o = 4*s + o + 18, -o = -3*s - 17. Let n be (20 - s) + (-3)/3. Suppose n + 105 = 3*t. What is the units digit of t?
3
Let q be 2/4 + 1/(-2). Suppose q = -4*n + 7*n. What is the units digit of n - -53 - (-4)/(-4)?
2
Let k(x) = x**3 - 4*x**2 + 11*x - 14. Let m be k(2). What is the hundreds digit of m + 5/(-5) - -516?
5
Let m(h) = 4*h - 3. Let q be m(4). Let n = 12 - q. Let g(a) = -45*a**3 + a**2 + 4*a + 3. What is the units digit of g(n)?
5
Suppose -24*s = -90*s + 305712. What is the tens digit of s?
3
Let s(b) = 15*b**2 - b + 145. What is the hundreds digit of s(-25)?
5
Let c = -66 + 55. What is the tens digit of ((-280)/(-6))/((22/(-12))/c)?
8
Let z(d) = -d**2 - 43*d + 96. Let v be z(-45). What is the units digit of (v/(-11))/(-3) + (-134659)/(-77)?
9
Let c(w) = -w**2 + 7*w + 10. Let f be c(8). What is the hundreds digit of ((-10)/20)/(f*(-1)/900)?
2
Suppose 20*i - 34 = 18*i. Suppose 6642 = i*w - 11*w. What is the thousands digit of w?
1
Let p = 688 - 686. What is the units digit of ((-6536)/(-4))/(1*p)?
7
Let z(r) = -2*r**3 - 4*r**2 - 10*r - 6. Let n(s) = -s**2 + 29. Let j be n(6). What is th